{"id":4431,"date":"2023-11-15T14:22:34","date_gmt":"2023-11-15T14:22:34","guid":{"rendered":"http:\/\/www.syloocamper.com\/?post_type=product&#038;p=4431"},"modified":"2023-11-15T14:22:35","modified_gmt":"2023-11-15T14:22:35","slug":"gok-gaz-dagitici-vanasi-uclu-8-2x8-8","status":"publish","type":"product","link":"http:\/\/www.syloocamper.com\/?product=gok-gaz-dagitici-vanasi-uclu-8-2x8-8","title":{"rendered":"GOK GAZ DA\u011eITICI VANASI \u00dc\u00c7L\u00dc (8-2&#215;8-8)"},"content":{"rendered":"<p>Karavan\u0131n\u0131zda bulunan farkl\u0131 LPG\u2019li cihazlar\u0131n her birinin gaz ba\u011flant\u0131s\u0131 pratik bir \u015fekilde a\u00e7\u0131p kapatmak i\u00e7in 3&#8217;l\u00fc da\u011f\u0131t\u0131m valfini kullanabilirsiniz.<br \/>\nOptimizasyon fonksiyonu sayesinde d\u00fc\u015f\u00fck bas\u0131n\u00e7 kayb\u0131 sa\u011flamaktad\u0131r.<\/p>\n<p>K\u00f6r \u00e7\u0131k\u0131\u015f bulunmaktad\u0131r.<\/p>\n","protected":false},"excerpt":{"rendered":"<p>GOK GAZ DA\u011eITICI VANASI \u00dc\u00c7L\u00dc (8-2&#215;8-8)<\/p>\n","protected":false},"featured_media":4432,"comment_status":"open","ping_status":"closed","template":"","meta":[],"product_cat":[58],"product_tag":[138,135,132,131,137,136],"yoast_head":"<!-- This site is optimized with the Yoast SEO plugin v21.7 - https:\/\/yoast.com\/wordpress\/plugins\/seo\/ -->\n<title>GOK GAZ DA\u011eITICI VANASI \u00dc\u00c7L\u00dc (8-2x8-8) - SYLOOCAMPER - Karavan Malzemesi ve Uygulama<\/title>\n<meta name=\"description\" content=\"GOK GAZ DA\u011eITICI VANASI \u00dc\u00c7L\u00dc (8-2x8-8)\" \/>\n<meta name=\"robots\" content=\"index, follow, max-snippet:-1, max-image-preview:large, max-video-preview:-1\" \/>\n<link rel=\"canonical\" href=\"http:\/\/www.syloocamper.com\/?product=gok-gaz-dagitici-vanasi-uclu-8-2x8-8\" \/>\n<meta property=\"og:locale\" content=\"tr_TR\" \/>\n<meta property=\"og:type\" content=\"article\" \/>\n<meta property=\"og:title\" content=\"GOK GAZ DA\u011eITICI VANASI \u00dc\u00c7L\u00dc (8-2x8-8) - SYLOOCAMPER - Karavan Malzemesi ve Uygulama\" \/>\n<meta property=\"og:description\" content=\"GOK GAZ DA\u011eITICI VANASI \u00dc\u00c7L\u00dc (8-2x8-8)\" \/>\n<meta property=\"og:url\" content=\"http:\/\/www.syloocamper.com\/?product=gok-gaz-dagitici-vanasi-uclu-8-2x8-8\" \/>\n<meta property=\"og:site_name\" content=\"SYLOOCAMPER - Karavan Malzemesi ve Uygulama\" \/>\n<meta property=\"article:modified_time\" content=\"2023-11-15T14:22:35+00:00\" \/>\n<meta property=\"og:image\" content=\"http:\/\/www.syloocamper.com\/wp-content\/uploads\/2023\/11\/1-16.png\" \/>\n\t<meta property=\"og:image:width\" content=\"1080\" \/>\n\t<meta property=\"og:image:height\" content=\"1080\" \/>\n\t<meta property=\"og:image:type\" content=\"image\/png\" \/>\n<meta name=\"twitter:card\" content=\"summary_large_image\" \/>\n<meta name=\"twitter:label1\" content=\"Tahmini okuma s\u00fcresi\" \/>\n\t<meta name=\"twitter:data1\" content=\"1 dakika\" \/>\n<script type=\"application\/ld+json\" class=\"yoast-schema-graph\">{\"@context\":\"https:\/\/schema.org\",\"@graph\":[{\"@type\":\"WebPage\",\"@id\":\"http:\/\/www.syloocamper.com\/?product=gok-gaz-dagitici-vanasi-uclu-8-2x8-8\",\"url\":\"http:\/\/www.syloocamper.com\/?product=gok-gaz-dagitici-vanasi-uclu-8-2x8-8\",\"name\":\"GOK GAZ DA\u011eITICI VANASI \u00dc\u00c7L\u00dc (8-2x8-8) - SYLOOCAMPER - Karavan Malzemesi ve Uygulama\",\"isPartOf\":{\"@id\":\"http:\/\/www.syloocamper.com\/#website\"},\"datePublished\":\"2023-11-15T14:22:34+00:00\",\"dateModified\":\"2023-11-15T14:22:35+00:00\",\"description\":\"GOK GAZ DA\u011eITICI VANASI \u00dc\u00c7L\u00dc (8-2x8-8)\",\"breadcrumb\":{\"@id\":\"http:\/\/www.syloocamper.com\/?product=gok-gaz-dagitici-vanasi-uclu-8-2x8-8#breadcrumb\"},\"inLanguage\":\"tr\",\"potentialAction\":[{\"@type\":\"ReadAction\",\"target\":[\"http:\/\/www.syloocamper.com\/?product=gok-gaz-dagitici-vanasi-uclu-8-2x8-8\"]}]},{\"@type\":\"BreadcrumbList\",\"@id\":\"http:\/\/www.syloocamper.com\/?product=gok-gaz-dagitici-vanasi-uclu-8-2x8-8#breadcrumb\",\"itemListElement\":[{\"@type\":\"ListItem\",\"position\":1,\"name\":\"Anasayfa\",\"item\":\"http:\/\/www.syloocamper.com\/\"},{\"@type\":\"ListItem\",\"position\":2,\"name\":\"Ma\u011faza\",\"item\":\"http:\/\/www.syloocamper.com\/?page_id=4121\"},{\"@type\":\"ListItem\",\"position\":3,\"name\":\"GOK GAZ DA\u011eITICI VANASI \u00dc\u00c7L\u00dc (8-2&#215;8-8)\"}]},{\"@type\":\"WebSite\",\"@id\":\"http:\/\/www.syloocamper.com\/#website\",\"url\":\"http:\/\/www.syloocamper.com\/\",\"name\":\"SYLOOCAMPER - Karavan Malzemesi ve Uygulama\",\"description\":\"Karavan malzemeleri geni\u015f &uuml;r&uuml;n yelpazesi, karavan yap\u0131m\u0131, kiralama, uygulama, &uuml;retim, VW T1, VW T2, VW T3, VW T4, VW T5, VW T6 ve t&uuml;m modeller\",\"potentialAction\":[{\"@type\":\"SearchAction\",\"target\":{\"@type\":\"EntryPoint\",\"urlTemplate\":\"http:\/\/www.syloocamper.com\/?s={search_term_string}\"},\"query-input\":\"required name=search_term_string\"}],\"inLanguage\":\"tr\"}]}<\/script>\n<!-- \/ Yoast SEO plugin. -->","yoast_head_json":{"title":"GOK GAZ DA\u011eITICI VANASI \u00dc\u00c7L\u00dc (8-2x8-8) - SYLOOCAMPER - Karavan Malzemesi ve Uygulama","description":"GOK GAZ DA\u011eITICI VANASI \u00dc\u00c7L\u00dc (8-2x8-8)","robots":{"index":"index","follow":"follow","max-snippet":"max-snippet:-1","max-image-preview":"max-image-preview:large","max-video-preview":"max-video-preview:-1"},"canonical":"http:\/\/www.syloocamper.com\/?product=gok-gaz-dagitici-vanasi-uclu-8-2x8-8","og_locale":"tr_TR","og_type":"article","og_title":"GOK GAZ DA\u011eITICI VANASI \u00dc\u00c7L\u00dc (8-2x8-8) - SYLOOCAMPER - Karavan Malzemesi ve Uygulama","og_description":"GOK GAZ DA\u011eITICI VANASI \u00dc\u00c7L\u00dc (8-2x8-8)","og_url":"http:\/\/www.syloocamper.com\/?product=gok-gaz-dagitici-vanasi-uclu-8-2x8-8","og_site_name":"SYLOOCAMPER - Karavan Malzemesi ve Uygulama","article_modified_time":"2023-11-15T14:22:35+00:00","og_image":[{"width":1080,"height":1080,"url":"http:\/\/www.syloocamper.com\/wp-content\/uploads\/2023\/11\/1-16.png","type":"image\/png"}],"twitter_card":"summary_large_image","twitter_misc":{"Tahmini okuma s\u00fcresi":"1 dakika"},"schema":{"@context":"https:\/\/schema.org","@graph":[{"@type":"WebPage","@id":"http:\/\/www.syloocamper.com\/?product=gok-gaz-dagitici-vanasi-uclu-8-2x8-8","url":"http:\/\/www.syloocamper.com\/?product=gok-gaz-dagitici-vanasi-uclu-8-2x8-8","name":"GOK GAZ DA\u011eITICI VANASI \u00dc\u00c7L\u00dc (8-2x8-8) - SYLOOCAMPER - Karavan Malzemesi ve Uygulama","isPartOf":{"@id":"http:\/\/www.syloocamper.com\/#website"},"datePublished":"2023-11-15T14:22:34+00:00","dateModified":"2023-11-15T14:22:35+00:00","description":"GOK GAZ DA\u011eITICI VANASI \u00dc\u00c7L\u00dc (8-2x8-8)","breadcrumb":{"@id":"http:\/\/www.syloocamper.com\/?product=gok-gaz-dagitici-vanasi-uclu-8-2x8-8#breadcrumb"},"inLanguage":"tr","potentialAction":[{"@type":"ReadAction","target":["http:\/\/www.syloocamper.com\/?product=gok-gaz-dagitici-vanasi-uclu-8-2x8-8"]}]},{"@type":"BreadcrumbList","@id":"http:\/\/www.syloocamper.com\/?product=gok-gaz-dagitici-vanasi-uclu-8-2x8-8#breadcrumb","itemListElement":[{"@type":"ListItem","position":1,"name":"Anasayfa","item":"http:\/\/www.syloocamper.com\/"},{"@type":"ListItem","position":2,"name":"Ma\u011faza","item":"http:\/\/www.syloocamper.com\/?page_id=4121"},{"@type":"ListItem","position":3,"name":"GOK GAZ DA\u011eITICI VANASI \u00dc\u00c7L\u00dc (8-2&#215;8-8)"}]},{"@type":"WebSite","@id":"http:\/\/www.syloocamper.com\/#website","url":"http:\/\/www.syloocamper.com\/","name":"SYLOOCAMPER - Karavan Malzemesi ve Uygulama","description":"Karavan malzemeleri geni\u015f &uuml;r&uuml;n yelpazesi, karavan yap\u0131m\u0131, kiralama, uygulama, &uuml;retim, VW T1, VW T2, VW T3, VW T4, VW T5, VW T6 ve t&uuml;m modeller","potentialAction":[{"@type":"SearchAction","target":{"@type":"EntryPoint","urlTemplate":"http:\/\/www.syloocamper.com\/?s={search_term_string}"},"query-input":"required name=search_term_string"}],"inLanguage":"tr"}]}},"_links":{"self":[{"href":"http:\/\/www.syloocamper.com\/index.php?rest_route=\/wp\/v2\/product\/4431"}],"collection":[{"href":"http:\/\/www.syloocamper.com\/index.php?rest_route=\/wp\/v2\/product"}],"about":[{"href":"http:\/\/www.syloocamper.com\/index.php?rest_route=\/wp\/v2\/types\/product"}],"replies":[{"embeddable":true,"href":"http:\/\/www.syloocamper.com\/index.php?rest_route=%2Fwp%2Fv2%2Fcomments&post=4431"}],"wp:featuredmedia":[{"embeddable":true,"href":"http:\/\/www.syloocamper.com\/index.php?rest_route=\/wp\/v2\/media\/4432"}],"wp:attachment":[{"href":"http:\/\/www.syloocamper.com\/index.php?rest_route=%2Fwp%2Fv2%2Fmedia&parent=4431"}],"wp:term":[{"taxonomy":"product_cat","embeddable":true,"href":"http:\/\/www.syloocamper.com\/index.php?rest_route=%2Fwp%2Fv2%2Fproduct_cat&post=4431"},{"taxonomy":"product_tag","embeddable":true,"href":"http:\/\/www.syloocamper.com\/index.php?rest_route=%2Fwp%2Fv2%2Fproduct_tag&post=4431"}],"curies":[{"name":"wp","href":"https:\/\/api.w.org\/{rel}","templated":true}]}}